mmon factor of d and 51.
17
Let a be 8/(-6)*(39707/(-590) - (-1)/(-5)). What is the highest common divisor of 1215 and a?
45
Let f be 258*-1*(-2)/2. Let x = -1302 - -1646. Calculate the highest common factor of x and f.
86
Let o = -70 + 118. Let s = -342 - -582. What is the greatest common factor of o and s?
48
Let c = -298 + 294. Let z be (-5)/20*6 + (-66)/c. Calculate the greatest common divisor of 3 and z.
3
Suppose -24*j + 25 = -19*j. Let f be (14/(-35))/((-1)/j). Suppose -3*d - 15 + 2 = -f*t, -4*d = 12. Calculate the greatest common factor of t and 16.
2
Suppose -6*n + 1 = 2*v - n, 2*n = -4*v + 10. Let p be ((-1 - v)/(-2))/((-4)/(-408)). What is the greatest common factor of 357 and p?
51
Let x(w) = -2*w**2 + 145*w - 2290. Let i be x(48). What is the highest common divisor of 9207 and i?
31
Let k(d) = 2*d**3 + 102*d**2 + 512*d - 104. Let l be k(-45). Calculate the highest common divisor of l and 204.
68
Suppose -351*u + 374*u - 2691 = 0. Calculate the greatest common divisor of u and 3744.
117
Let l(z) = 4*z + 50. Let m be 282/(-26) + 64/(-416). Let u be l(m). What is the highest common divisor of u and 9?
3
Suppose -4*s + 94 = -2*t, -42 = -2*t - 52. What is the greatest common factor of s and 2863?
7
Suppose -28 = -19*g + 281 + 223. Let i be (-20)/(-15)*(-138)/(-4). Suppose 4 = -o - 1, u - i = -2*o. Calculate the greatest common divisor of u and g.
28
Let v(c) be the third derivative of c**5/60 + 29*c**4/24 + 221*c**3/6 - 105*c**2 - c. Let w be v(-13). Calculate the highest common factor of 871 and w.
13
Suppose 14*u + 33548 = 92*u - 23860. Calculate the greatest common divisor of u and 828.
92
Let v(t) = -2*t + 7. Let f be v(3). Let n be (384/60)/(4/10). Suppose -11*a - 55 = -n*a. What is the greatest common divisor of a and f?
1
Let q(h) = 4*h**2 + 991*h + 9297. Let j be q(-238). Suppose 2*x = x + 2. Let l = 7 - x. Calculate the greatest common factor of j and l.
5
Let k(r) = r**3 + 8*r**2 + 4*r - 4. Let c be k(-5). Suppose -107854 = -376*w + 64730. Calculate the greatest common divisor of c and w.
51
Suppose -2*q - 3*k = -207 + 40, 4*k + 452 = 5*q. Suppose 0 = 5*x - 6*x + q. What is the highest common factor of x and 99?
11
Let z(l) = l**3 + 9*l**2 - 5*l - 13. Let h be z(-9). Let t = h - 24. Suppose -t - 4 = -3*g. Calculate the highest common divisor of g and 20.
4
Let m(s) = 24 + 3*s + 14973*s**2 + 9*s - s**3 - 14984*s**2. Let h be m(-12). What is the greatest common divisor of 468 and h?
12
Let l(n) = -n**2 - 23*n + 82. Let z be l(-26). Let y = -6 - -8. Suppose -4*f = y*v - 88, v = 2*f - z*v - 44. What is the greatest common divisor of 55 and f?
11
Suppose -100*b + 70 = -93*b. Let d(j) = 15*j - 15. Let x be d(b). What is the highest common factor of x and 5?
5
Let k = -9642 - -9784. Calculate the greatest common factor of 30388 and k.
142
Let u = -4302 + 4367. What is the highest common factor of 221 and u?
13
Let c be 1*-28*(-4)/8. Let d be (-3)/(-12) - ((-36036)/(-16))/(-7). Calculate the highest common divisor of d and c.
14
Suppose 0 = 5*g - 35, 1316*t + 5*g = 1315*t + 2091. Calculate the highest common factor of 24 and t.
8
Suppose 2*v - 2222 = -5*f, -82*f + 78*f - 5687 = -5*v. What is the greatest common factor of 1 and v?
1
Suppose u - 2*x + 12 = 4, 0 = -4*x + 8. Let j be u + (2 + 4)/((-9)/(-201)). What is the greatest common divisor of 30 and j?
10
Suppose 450*l = 446*l + 3*i + 67, -4*i = 3*l - 94. Let u be 14 - (4 - 2 - 0). What is the greatest common factor of l and u?
2
Let w = 133 - 131. Let z(k) = -k**3 + 5*k**2 - k + 1. Let b be z(4). Let u = b + -5. Calculate the highest common factor of w and u.
2
Let n(g) = -48*g + 3563. Let f be n(-52). What is the greatest common factor of f and 332?
83
Suppose -9*c - 35*c + 164970 = -18*c. What is the highest common divisor of c and 235?
235
Let u be (-4214)/70 - (-1)/5. Let o be (63/(-27))/(2*2/u). What is the highest common divisor of o and 10?
5
Let x = -179 - -173. Let q(h) = h**3 - 5*h**2 - 7*h + 3. Let o be q(6). Let z be (-112)/x - 4/o. Calculate the highest common factor of z and 8.
4
Let v(f) = -f**2 - 14*f + 14. Let u be v(-13). Let t(p) = 3 - p + 28*p**2 - u*p**2 - 5*p. Let z be t(7). What is the highest common factor of z and 90?
10
Suppose 2*w = -2*w + 280. Suppose -25 = 2*v + 5*b, -17 = 4*v + 2*b - 39. Calculate the highest common factor of w and v.
10
Suppose 0 = 2*t - 3*t - 2, -t = 3*u - 1054. Suppose 0 = 8*h + 264 - u. Suppose f = 65 + 12. Calculate the greatest common factor of h and f.
11
Let h be (-57)/228 + 16402/8. Suppose 30*p - h = 5510. Let u(b) = b**3 - 6*b**2 - b - 6. Let w be u(7). What is the highest common divisor of w and p?
36
Suppose -r - 325 = -2*r + 5*o, 993 = 3*r + 3*o. Let u = r - 324. Calculate the highest common factor of u and 48.
6
Let m = 38 - 35. Let g = 4 + -4. Suppose -96 = -4*f + 4*u, g*f - m*u = 5*f - 112. What is the highest common factor of 92 and f?
23
Let k(w) = 279*w + 299. Let f be k(-1). What is the greatest common factor of f and 172?
4
Suppose 11 = q - 11. Suppose 63 + q = 5*z. Let b = -497500 + 497568. What is the greatest common factor of b and z?
17
Let n be 16/2 - 42/14. Let h(a) = -100*a - 4. Let g be h(-5). Suppose -4*z = r - g, 84 = n*z + 5*r - 521. What is the greatest common divisor of z and 50?
25
Let d(u) = -14*u**3 - 9*u**2 + 14*u - 28. Let t be d(-7). Calculate the highest common divisor of 363 and t.
121
Suppose 0 = -9*j + 7080 - 5280. Let i(u) = u**2 - u + 5. Let s be i(5). Calculate the greatest common divisor of s and j.
25
Let x be (-339)/(-2034) - (0 + 7775/(-6)). Calculate the greatest common divisor of x and 378.
54
Let m = 5531 + -3737. Let l be m/8 + -13 + (-306)/(-24). What is the greatest common divisor of l and 14?
14
Suppose -3*o + 3*c = 5*c + 9, o - 4*c - 11 = 0. Suppose 3*w + 757 - 643 = 0. Let u be (-1)/(o/w)*(5 + -6). Calculate the highest common factor of 19 and u.
19
Suppose -994*u = -4*f - 990*u + 4624, 4*f = 6*u + 4622. Calculate the greatest common factor of f and 221.
13
Let k be (-18)/4*(-9460)/387. Calculate the greatest common factor of k and 2365.
55
Let x = 424 + -734. Let b = -214 - x. Let d = -312 + 324. Calculate the greatest common divisor of b and d.
12
Suppose -a - 3*m = -347 + 95, -5*a = 5*m - 1190. What is the greatest common divisor of 1001 and a?
77
Let h be (-5498)/(-16) + 1 - (-28)/896*12. Calculate the greatest common factor of 1150 and h.
115
Let z(k) = 2*k**2 - 15*k - 14. Let s = -232 + 243. Let m be z(s). Calculate the greatest common factor of 14 and m.
7
Suppose -3276 = 20*d - 31223 - 2733. What is the highest common divisor of d and 78?
26
Suppose -l + 10 = 6. Let d = 187 + 26. Suppose -27 = y + l*p - 87, p - d = -3*y. Calculate the highest common divisor of y and 18.
18
Let b = 51 - -96. Let n be (-1)/4 + 935/44. Calculate the greatest common divisor of b and n.
21
Let h(j) = -j**2 + 19*j - 32. Let a be h(17). Let y be (a - 1)*(4 + 15 + -10). What is the highest common divisor of 18 and y?
9
Let m be 506/1 + -188 + 180. What is the greatest common factor of 664 and m?
166
Let t(h) = 40 - h**2 + 578*h - h**3 - 565*h - 2*h**2. Let p be t(-4). What is the greatest common factor of p and 14?
2
Let b(u) be the third derivative of -u**5/60 - u**4/8 + 26*u**3/3 + u**2 - 42*u. Let j be b(0). Calculate the greatest common factor of j and 4.
4
Let c = 20 + -10. Suppose 4*t - 62 = x - 78, -x + t = -7. Suppose -1390 + 1470 = x*v. What is the greatest common factor of c and v?
10
Let v(s) = s**2 - 11*s - 21. Let m be v(13). Let b be 10/2 + m + 114. Calculate the highest common factor of b and 4.
4
Let p(v) = -v**3 + 10*v**2 - 40*v - 228. Let s be p(-6). What is the highest common factor of s and 784?
196
Let z(v) = 49*v - 1323. Let d be z(31). What is the greatest common factor of d and 140?
28
Suppose 1727*y = 1737*y - 13120. What is the highest common factor of 64 and y?
32
Let y be 143268/14 - ((-506)/77 - -7). Calculate the highest common divisor of 27 and y.
27
Let h(d) = -6*d + 12. Let m be h(-5). Let g = m + -39. Suppose n = -3*a + 6, -g*n - a = 3*a - 43. What is the greatest common factor of n and 21?
21
Suppose 0 = b - 2 - 3. Suppose 3510 = -50*q + 45*q. Let o = q - -727. Calculate the highest common factor of o and b.
5
Let j(c) = 3*c**3 - 12*c**2 - 11*c - 20. L